). List the prime factors of k(-4).
2, 3
Suppose 2*l + 1 = 5*g + 29, -8 = -g - 3*l. List the prime factors of -3 + -2 + (-152)/g.
3, 11
Suppose 5*m - 27 = 18. Suppose 4*s = -5*y + 45 + 82, -3*y = -m. What are the prime factors of s?
2, 7
List the prime factors of 3 + (-2 - 1) - -242.
2, 11
Let z be (-2 - -1)/(2/74). Let n = z + 61. Suppose v = 3*v - n. List the prime factors of v.
2, 3
Let d(a) = -a**2 + a. Let w be d(1). Suppose 0 = -w*x - 3*x + 420. List the prime factors of x/18 + (-4)/(-18).
2
Let g = -95 - -311. List the prime factors of g.
2, 3
List the prime factors of (5/(-10))/(((-5)/(-162))/(-5)).
3
Suppose -2*g - 2*c - 2 = 0, 2 = 5*g - 5*c + 7. Let w be g - 1*2*-2. Suppose 32 = 2*x + 4*n, w*x - x - 34 = -5*n. What are the prime factors of x?
2, 3
What are the prime factors of ((-130)/3)/((-4)/18)?
3, 5, 13
Suppose -4*u - 12 = 0, 5*k = -3*u - 19 - 0. List the prime factors of ((-16)/12 - k)*15.
2, 5
Suppose 3*b = b + 4*d - 26, -4*b - 3*d = 8. Let f(q) = -q**3 - 4*q**2 + 2*q + 2. What are the prime factors of f(b)?
17
Suppose -92 = 4*o - 0*o. Let x = o + 39. What are the prime factors of x?
2
Suppose -2 + 72 = 5*n. List the prime factors of n.
2, 7
Let c = -63 + 68. What are the prime factors of c?
5
Let u be (-3)/1 + (-11)/(-1). Let a = -3 + u. Suppose 4*b + a*n - 15 = 0, 5*b - 35 + 5 = 5*n. What are the prime factors of b?
5
Let c = 20 - 18. Suppose d - 2*p = 6*d - 152, c*p = -4*d + 120. What are the prime factors of d?
2
Let l(k) = -8*k - 74. What are the prime factors of l(-17)?
2, 31
Let s(i) = -5*i**3 - 4*i**2 - i - 3. What are the prime factors of s(-3)?
3, 11
List the prime factors of ((-2)/(-3))/(6/1557).
173
Let n(f) = f**2 - 4*f - 6. Suppose -9 = -p - 3. Let i be n(p). Suppose -i*a = -2*o - a + 27, -3*o = -3*a - 27. List the prime factors of o.
2, 3
Suppose -5*o + l + 0*l = -143, -4*o - 3*l = -103. Suppose 2*h = v + o, -3*h - 5*v - 56 = -7*h. List the prime factors of h.
2, 7
Let i = 271 - 104. List the prime factors of i.
167
Let r = 0 + 0. Suppose 2*w + 4*z = -7 + 47, 0 = 3*w - 4*z - 40. Suppose r = 3*g - w - 14. What are the prime factors of g?
2, 5
What are the prime factors of (-5 + -4 + -103)/(4/(-14))?
2, 7
Let n(r) = r + 2. Let d(f) = -2*f - 5. Let l(s) = -6*d(s) - 13*n(s). List the prime factors of l(-11).
3, 5
Let n(q) = -q**2 + 2*q. Let g be n(2). Suppose -5*b + 15 = -g*b, 3*v - 3*b - 66 = 0. What are the prime factors of v?
5
List the prime factors of (-4)/((-16)/12) + 59.
2, 31
Suppose 6*d = d. Let o(h) = h + 19. List the prime factors of o(d).
19
Suppose 8*j - 3*j = 665. What are the prime factors of j?
7, 19
Let z(h) = 3*h - 4*h - 2*h - 6 + 5*h. What are the prime factors of z(5)?
2
Let o be 1 + -2 + (1 - 0). Suppose u - 2*h + 7 = 2*u, o = 2*u + 2*h - 22. Let y = u + -9. List the prime factors of y.
2, 3
Let k = -34 - -97. List the prime factors of k.
3, 7
Suppose m = 22 + 20. List the prime factors of m.
2, 3, 7
Let m be (2 - (3 - 1)) + -1. Let q be m/(-2) - (-1)/2. What are the prime factors of (-4*(q + 0))/(-2)?
2
Let u(j) = 2*j - 1. Let a be u(2). Suppose -a*q - 5*x + 114 = 0, 4*x - 38 - 139 = -5*q. Suppose -3*f + 24 = -q. What are the prime factors of f?
19
Suppose -1 = d - 2. Let r = d + -1. Let b(g) = g + 7. What are the prime factors of b(r)?
7
Suppose 0*k + 5*u = -5*k + 180, 0 = 5*k - u - 204. List the prime factors of k.
2, 5
Let t(q) = q**3 - 6*q**2 + q - 3. Let j be t(6). Suppose -2*u - 3*u + j*z = 5, 2*z = 2*u + 2. List the prime factors of -3 - (u - (8 + 0)).
2, 3
Suppose -5*k = -2*k. Suppose 0 = 4*a - 12, -5*j - 6 = -3*j - 4*a. Suppose k = j*h - 8*h + 25. List the prime factors of h.
5
Let s(l) = -l**3 - l**2 - l + 12. Let c = -3 + 5. Suppose 2*w = -c*w. List the prime factors of s(w).
2, 3
Suppose b + 7*n - 2*n - 49 = 0, -299 = -5*b + 2*n. List the prime factors of b.
59
Let a = -20 + -8. Let j be 1/((-26)/a - 1). What are the prime factors of (-1 - -3)*j/(-4)?
7
Let c = 39 + -35. Suppose 4*g - 104 = -0*g. Suppose -c*o + 26 + g = 0. List the prime factors of o.
13
Suppose 4*u - 14 = -u - 2*f, 0 = -u - 2*f + 6. Let o = 69 - 38. Suppose -u*v = -o + 9. What are the prime factors of v?
11
What are the prime factors of (12 - (-1 + -1))/2?
7
Suppose 2*l - 16 = -2*l, 2*h = -2*l + 16. Let v be (-4)/(-6) + 139/3. Suppose -h*j = -v - 29. What are the prime factors of j?
19
Let i(k) be the first derivative of k**4/4 + 4*k**3/3 - k**2 - 6*k - 4. Let q be 1*(-2 - -3)*-4. List the prime factors of i(q).
2
Suppose 4*g - 5*w = 160, 0 = 2*w + 8 - 0. What are the prime factors of g?
5, 7
Suppose 0 = 2*j + 2, -3*j + 7 = 5*m - 0. Suppose -4*c + 2*c = m. Let z = 6 + c. List the prime factors of z.
5
Let v(s) = 2*s - 2. Let m be ((-6)/(-4))/((-3)/(-14)). What are the prime factors of v(m)?
2, 3
Let a = 189 - 88. List the prime factors of a.
101
Let w(p) = -p - 1. Let k = -4 + -3. Let x(q) = 2*q + 2. Let a(j) = k*w(j) - 5*x(j). What are the prime factors of a(-5)?
2, 3
Let v(y) = y. Let j(d) = 3*d - 4. Let z(q) = j(q) + 4*v(q). Suppose 0 = -i + 3*k - 12, -i = -5*i - 2*k + 22. List the prime factors of z(i).
17
What are the prime factors of (-786)/(-7) + 16/(-56)?
2, 7
Suppose 12 = -5*f + 432. Suppose f = 5*p + 3*q, 0 = 3*p + 2*q - q - 52. Suppose 0*l = -3*l + p. List the prime factors of l.
2, 3
Suppose 11*w - 9*w = 6. Suppose -w = -5*b + 7, -2*i + 18 = -b. List the prime factors of i.
2, 5
Let p(q) = q - 4. Let o be p(4). Let k be -1 - -3 - (o + -4). What are the prime factors of (-2)/(-2 + 9/k)?
2
Let s(d) = -d**3 + 4*d**2 + 1. Let r be s(3). Suppose -r = -h - h. Suppose -m - 46 = -5*m + 2*y, -53 = -h*m + y. What are the prime factors of m?
2, 5
Suppose 6*t = 5*t + 26. List the prime factors of t.
2, 13
Suppose 0 = 11*o - 1836 - 771. What are the prime factors of o?
3, 79
Suppose -282 = -8*o + 2*o. List the prime factors of o.
47
Suppose 4*x + 4*q + 31 + 61 = 0, -x + q - 25 = 0. List the prime factors of 16/x + (-29)/(-3).
3
Let x(v) = 5*v**2 + 3*v. What are the prime factors of x(-3)?
2, 3
What are the prime factors of 4/((-64)/268)*-16?
2, 67
Suppose 2*i - w - 357 = 0, 0 = i - 2*i - 3*w + 161. What are the prime factors of i?
2, 11
List the prime factors of 196/7 + -1 + 1.
2, 7
Suppose 5*n = 10 + 20. What are the prime factors of n?
2, 3
Suppose 4*u = -j - u - 5, -16 = -2*j + 3*u. Suppose 3*k - 18 = -y - y, j*y = 5*k - 55. What are the prime factors of k?
2
Suppose 4*y - 8*y + 101 = 3*m, 5*y + 2*m = 135. List the prime factors of y.
29
Suppose -4*v = -x - 62, x - 28 = -2*v - 0*v. Suppose 5*t + 22 = 2. List the prime factors of t/(-10) + 144/v.
2, 5
Let z(i) = -5*i + 13. What are the prime factors of z(-9)?
2, 29
Suppose q = 2*i - 38, 39 - 123 = -4*i - 2*q. What are the prime factors of i?
2, 5
Let i be 6/(-30) - 21/(-5). Let b = i + 7. List the prime factors of b.
11
Suppose -4*c - 12 = -4*r, -3*c = -r - r + 5. Suppose -60 = z - r*z. Suppose -z = -3*a - a. What are the prime factors of a?
5
Let f be (-243)/12 - (-2)/8. Let l = 34 + f. What are the prime factors of l?
2, 7
Let f = 0 + -2. Let o = f - -4. What are the prime factors of 4 + (o + 2)/2?
2, 3
What are the prime factors of 209 - (3 + -7 + 1)?
2, 53
Suppose -2*a - 3*a = 70. Let n = a - -8. List the prime factors of 1 + 3/3 - n.
2
Suppose -17 = -3*p - 2*w, w - 2*w + 13 = 3*p. Suppose p*x + 4 = 16. Suppose -x*z + 33 = -z. What are the prime factors of z?
11
Let a be ((-52)/6)/((-4)/(-12)). What are the prime factors of (a/5 - -2)*-5?
2
Let z = 7 + -5. Suppose 2*w + z*r + 4 = r, 0 = 2*w - r. Let y = 6 + w. List the prime factors of y.
5
Let z be (2/(-10))/(5/(-25)). List the prime factors of (-24)/(-9) - z/(-3).
3
What are the prime factors of (-15 - -11)*(-1)/(-2) - -132?
2, 5, 13
Let x be (-5 + 21)*2/(-4). What are the prime factors of 1*22 - (7 + x)?
23
Suppose 2*w + 0*w - 32 = 0. Suppose w = 4*y - 92. What are the prime factors of y?
3
Suppose 3*g = -0*g. Let z = 1 + 3. Suppose g = 2*w - 0*w - z. List the prime factors of w.
2
Suppose -2*g - 3*g = 5*q - 190, -2*q + 64 = -2*g. Let o = q - 25. List the prime factors of o.
2, 5
Suppose -4*h + 3*h = -66. List the prime factors of h.
2, 3, 11
Let j(s) = -4*s - 1. Let b(i) = 7*i + 1. Let v(w) = 3*b(w) + 5*j(w). List the prime factors of v(5).
3
Let c be (-1)/3*(1 + -1). Suppose c*r - 78 = 3*r. What are t